rime factors of 4061.
31, 131
What are the prime factors of 1214?
2, 607
List the prime factors of 17690.
2, 5, 29, 61
What are the prime factors of 5346?
2, 3, 11
What are the prime factors of 43573?
43573
List the prime factors of 744.
2, 3, 31
What are the prime factors of 1964?
2, 491
What are the prime factors of 2267?
2267
List the prime factors of 277.
277
What are the prime factors of 11580?
2, 3, 5, 193
List the prime factors of 47985.
3, 5, 7, 457
What are the prime factors of 25188?
2, 3, 2099
What are the prime factors of 104886?
2, 3, 5827
List the prime factors of 389.
389
List the prime factors of 17233.
19, 907
List the prime factors of 305.
5, 61
What are the prime factors of 11969?
11969
List the prime factors of 664.
2, 83
List the prime factors of 687.
3, 229
List the prime factors of 8913.
3, 2971
List the prime factors of 35.
5, 7
List the prime factors of 94644.
2, 3, 11, 239
List the prime factors of 60590.
2, 5, 73, 83
What are the prime factors of 3259?
3259
List the prime factors of 2165.
5, 433
What are the prime factors of 12669?
3, 41, 103
List the prime factors of 12930.
2, 3, 5, 431
What are the prime factors of 6885?
3, 5, 17
What are the prime factors of 3194?
2, 1597
What are the prime factors of 533?
13, 41
List the prime factors of 28027.
28027
List the prime factors of 860.
2, 5, 43
What are the prime factors of 238?
2, 7, 17
What are the prime factors of 108637?
108637
List the prime factors of 68492.
2, 17123
List the prime factors of 4974.
2, 3, 829
What are the prime factors of 19185?
3, 5, 1279
What are the prime factors of 3024?
2, 3, 7
What are the prime factors of 3555?
3, 5, 79
What are the prime factors of 81431?
7, 11633
What are the prime factors of 7219?
7219
List the prime factors of 816.
2, 3, 17
List the prime factors of 1751.
17, 103
List the prime factors of 83674.
2, 17, 23, 107
List the prime factors of 373.
373
What are the prime factors of 29637?
3, 37, 89
List the prime factors of 4755.
3, 5, 317
What are the prime factors of 1113?
3, 7, 53
What are the prime factors of 15827?
7, 17, 19
What are the prime factors of 562?
2, 281
List the prime factors of 17546.
2, 31, 283
List the prime factors of 11087.
11087
What are the prime factors of 29818?
2, 17, 877
What are the prime factors of 1285?
5, 257
What are the prime factors of 2662?
2, 11
What are the prime factors of 148009?
283, 523
What are the prime factors of 1786?
2, 19, 47
What are the prime factors of 83931?
3, 101, 277
List the prime factors of 3921.
3, 1307
What are the prime factors of 129?
3, 43
What are the prime factors of 15?
3, 5
What are the prime factors of 39609?
3, 163
List the prime factors of 163.
163
List the prime factors of 20210.
2, 5, 43, 47
List the prime factors of 598.
2, 13, 23
List the prime factors of 81882.
2, 3, 4549
What are the prime factors of 16239?
3, 5413
List the prime factors of 88822.
2, 89, 499
What are the prime factors of 10122?
2, 3, 7, 241
List the prime factors of 64376.
2, 13, 619
What are the prime factors of 92334?
2, 3, 11, 1399
What are the prime factors of 26514?
2, 3, 491
List the prime factors of 448.
2, 7
What are the prime factors of 3296?
2, 103
List the prime factors of 8194.
2, 17, 241
List the prime factors of 1663.
1663
List the prime factors of 54171.
3, 13, 463
What are the prime factors of 8759?
19, 461
What are the prime factors of 1360?
2, 5, 17
What are the prime factors of 51372?
2, 3, 1427
What are the prime factors of 10550?
2, 5, 211
List the prime factors of 750.
2, 3, 5
What are the prime factors of 3040?
2, 5, 19
What are the prime factors of 148305?
3, 5, 9887
List the prime factors of 1367.
1367
List the prime factors of 2586.
2, 3, 431
List the prime factors of 35649.
3, 17, 233
List the prime factors of 4018.
2, 7, 41
List the prime factors of 531.
3, 59
List the prime factors of 46448.
2, 2903
What are the prime factors of 38058?
2, 3, 6343
List the prime factors of 592.
2, 37
What are the prime factors of 2630?
2, 5, 263
What are the prime factors of 124850?
2, 5, 11, 227
What are the prime factors of 478?
2, 239
List the prime factors of 41286.
2, 3, 7, 983
List the prime factors of 1246.
2, 7, 89
What are the prime factors of 47500?
2, 5, 19
List the prime factors of 6251.
7, 19, 47
What are the prime factors of 1029?
3, 7
What are the prime factors of 41467?
41467
List the prime factors of 1653.
3, 19, 29
What are the prime factors of 73?
73
List the prime factors of 13696.
2, 107
What are the prime factors of 871?
13, 67
What are the prime factors of 2448?
2, 3, 17
List the prime factors of 8912.
2, 557
List the prime factors of 25532.
2, 13, 491
What are the prime factors of 2854?
2, 1427
What are the prime factors of 58?
2, 29
List the prime factors of 1227.
3, 409
List the prime factors of 2068.
2, 11, 47
List the prime factors of 4089.
3, 29, 47
List the prime factors of 19862.
2, 9931
List the prime factors of 29.
29
List the prime factors of 39528.
2, 3, 61
What are the prime factors of 13804?
2, 7, 17, 29
What are the prime factors of 7056?
2, 3, 7
What are the prime factors of 14437?
14437
List the prime factors of 1710.
2, 3, 5, 19
What are the prime factors of 35384?
2, 4423
List the prime factors of 517.
11, 47
What are the prime factors of 17373?
3, 5791
What are the prime factors of 11424?
2, 3, 7, 17
What are the prime factors of 1024?
2
List the prime factors of 2875.
5, 23
What are the prime factors of 6222?
2, 3, 17, 61
What are the prime factors of 3306?
2, 3, 19, 29
List the prime factors of 1144.
2, 11, 13
What are the prime factors of 6547?
6547
What are the prime factors of 3073?
7, 439
List the prime factors of 13051.
31, 421
What are the prime factors of 737?
11, 67
What are the prime factors of 2301?
3, 13, 59
What are the prime factors of 4808?
2, 601
What are the prime factors of 1500?
2, 3, 5
List the prime factors of 3426.
2, 3, 571
What are the prime factors of 3306?
2, 3, 19, 29
What are the prime factors of 342?
2, 3, 19
What are the prime factors of 1922?
2, 31
What are the prime factors of 2858?
2, 1429
What are the prime factors of 15977?
13, 1229
List the prime factors of 21111.
3, 31, 227
List the prime factors of 12028.
2, 31, 97
List the prime factors of 28400.
2, 5, 71
What are the prime factors of 10147?
73, 139
List the prime factors of 65021.
11, 23, 257
List the prime factors of 12399.
3, 4133
List the prime factors of 22404.
2, 3, 1867
List the prime factors of 22403.
43, 521
List the prime factors of 10269.
3, 7, 163
What are the prime factors of 5893?
71, 83
List the prime factors of 11292.
2, 3, 941
List the prime factors of 26222.
2, 7, 1873
List the prime factors of 1585.
5, 317
List the prime factors of 32433.
3, 19, 569
List the prime factors of 442.
2, 13, 17
List the prime factors of 9827.
31, 317
What are the prime factors of 5724?
2, 3, 53
What are the prime factors of 1749?
3, 11, 53
What are the prime factors of 3218?
2, 1609
What are the prime factors of 9446?
2, 4723
What are the prime factors of 3233?
53, 61
What are the prime factors of 18052?
2, 4513
List the prime factors of 73140.
2, 3, 5, 23, 53
List the prime factors of 89609.
13, 61, 113
List the prime factors of 809.
809
What are the prime factors of 952?
2, 7, 17
What are the prime factors of 2030?
2, 5, 7, 29
List the prime factors of 11171.
11171
List the prime factors of 7864.
2, 983
List the prime factors of 13042.
2, 6521
What are the prime factors of 548?
2, 137
List the prime factors of 9639.
3, 7, 17
What are the prime factors of 19567?
17, 1151
List the prime factors of 15394.
2, 43, 179
What are the prime factors of 3468?
2, 3, 17
What are the prime factors of 2367?
3, 263
What are the prime factors of 81?
3
What are the prime factors of 9323?
9323
List the prime factors of 10811.
19, 569
List the prime factors of 375.
3, 5
What are the prime factors of 22843?
53, 431
What are the prime factors of 21852?
2, 3, 607
What are the prime factors of 1994?
2, 997
What are the prime factors of 9070?
2, 5, 907
What are the prime factors of 1225?
5, 7
List the prime factors of 28233.
3, 3137
What are the prime factors of 59761?
13, 4597
List the prime factors of 640.
2, 5
List the prime factors of 52096.
2, 11, 37
List the